5703)) a composite number?
True
Let r be 3349 - 36/(-2 - -11). Let m = -1658 + r. Is m a prime number?
False
Suppose 18818078 - 2027262 = 32*f. Is f a composite number?
True
Suppose 4*v - 64 = 4*w - 16, -3*w = 3*v - 66. Suppose 16*n - v*n = -3. Suppose n*f - 5*j - 447 = 0, -f + 142 + 7 = -2*j. Is f a prime number?
True
Let g(x) = 34827*x - 617. Is g(4) prime?
False
Let o = -1367 + 2535. Let b = -184 - -309. Let x = o - b. Is x composite?
True
Let n be (-404)/(-2)*(-7)/(-2). Suppose 4*s + 1420 = -4*t, -2*t + 4*t = -3*s - n. Let u = t - -777. Is u a prime number?
True
Let v(o) = -o**2 + 5 - 54*o**3 - 10*o**2 + 10*o + 57*o**3. Is v(7) composite?
True
Let u(k) = -99963*k + 4096. Is u(-5) a composite number?
False
Let g be 5 + 7/(28/(-44)). Let v = g - -15. Suppose -4*z = -3 - v, 0 = 3*q - 4*z - 2217. Is q a composite number?
False
Suppose g = -4*g + 25. Suppose -8777 = -2*n + m, 3*m = -g*n + m + 21965. Is n composite?
False
Let m(l) = 32450*l**2 - 4*l + 3. Is m(1) a prime number?
False
Suppose -2*c - 10 + 14 = 0. Let h(b) = 292*b**2 + 5*b - 4. Let z be h(c). Suppose -6*a - z = -8*a. Is a prime?
True
Let w be (0*(-7)/42)/(-1). Suppose -5 = -p - 0. Suppose p*h - 9*h + 5036 = w. Is h a composite number?
False
Suppose 14*g = 16*g + 28. Let l be ((-3)/(-7))/((-2)/g). Suppose l*i - 12*i = -2763. Is i composite?
False
Let d = 5201 - -18020. Is d composite?
True
Suppose 21 - 5 = 3*s + 5*t, -3*s + 4*t - 2 = 0. Suppose 15894 = 8*v - s*v. Is v a prime number?
False
Is (3 - -1)*(-11 - 357229/(-4)) composite?
True
Let p = 1153045 - 761772. Is p a composite number?
False
Suppose 5*o - 3*z = -0*z + 505, 2*o - 3*z = 193. Suppose 108*f = o*f + 21196. Is f prime?
False
Suppose 3*s - 283659 = 2*d, 3*s - 272127 = 3*d + 11532. Is s a prime number?
False
Suppose -22296 = -14*y + 166887 + 42083. Is y prime?
True
Let n(f) = -6*f**2 + 40*f + 443. Let s(o) = 7*o**2 - 48*o - 443. Let k(u) = 6*n(u) + 5*s(u). Suppose 0 = -0*r - 5*r. Is k(r) prime?
True
Suppose -4*z - 305363 - 83276 = -m, 0 = m + 5*z - 388666. Is m prime?
True
Let f(d) = 108350*d**3 - 26*d**2 + 60*d + 3. Is f(2) prime?
True
Let k be (-10)/(-2)*(3 - 2)/1. Is 2327 - (-2 + 1 - k) composite?
False
Let r(k) = -513*k**3 + 20*k**2 + 2*k + 35. Is r(-6) composite?
True
Let q = -15 + 18. Let c be -1 - (q + 0 - 60). Suppose -c*g = -51*g - 745. Is g a prime number?
True
Let w be (-309)/4 + 84/16 + -5. Is 4/14 - 280797/w a prime number?
False
Suppose -374884 = -5*z - 3*f, -2*f - 3*f = z - 74946. Is z a prime number?
False
Is 210/(-75) + (-227412707)/(-115) a prime number?
True
Let s be 3/9*3/(-1) + 153. Let c = 183 - s. Is c a composite number?
False
Let h(k) = 16*k**2 + 21*k - 5. Let o be 3 + -3 - (7 - -43). Let l = o - -40. Is h(l) a prime number?
False
Let i(u) = u**2 - 192*u + 1667. Let y be i(9). Let f(c) be the third derivative of 23*c**4/24 + 13*c**3/2 + 2*c**2. Is f(y) composite?
False
Let f = -216 - -214. Let j(y) = 34*y**2 - 2*y + 3. Is j(f) a composite number?
True
Suppose -160*l - 770562 = -1022300 - 2467782. Is l prime?
False
Suppose 0 = m - y - 354656, -11*y = -4*m - 8*y + 1418625. Is m composite?
True
Suppose 51*m = 44*m - 2492. Let d = -243 - m. Is d a prime number?
True
Suppose -61*f = 10*f - 29662735. Is f a composite number?
True
Let t(r) = -224*r**2 + 4*r - 4. Let u be t(1). Is (-1225448)/u + 2/8 a prime number?
True
Let u(l) = 101*l**2 + 5*l - 11. Suppose 16*t = 44*t + 168. Is u(t) a prime number?
False
Suppose 6*d - 12 = -0. Suppose 1217 + 145 = d*n. Is n a composite number?
True
Let d(g) = 4*g - 5. Let m be d(2). Let i be 17/m - (-10)/(-15). Suppose -4*p + p + 5*z + 1466 = 0, i*p - z = 2436. Is p a composite number?
False
Suppose 2*v - 15*v = 0. Suppose v = -2*a - 10, 15810 = 6*q - q - a. Is q a prime number?
False
Let w = -47 + 50. Suppose w*t = t + t. Is t + 84 + (-6)/6 composite?
False
Let c = 1087 - -7100. Suppose 5*h - f - c = 1353, -5*f = -5*h + 9560. Is h a composite number?
False
Suppose 0 = 2*a - 5*j + 9, 0 = -0*j + 5*j - 15. Suppose -b - 3*y = -4*b - 681, -a*b = 3*y + 675. Let u = -97 - b. Is u composite?
True
Let x = -444 + 1919. Let w = x + -738. Is w composite?
True
Is (3/(-4))/(246/369 + (-2203586)/3305352) prime?
True
Let c(d) = 2*d + 4. Let u be c(-4). Let i = 336 + -333. Is (i - -9234)*u/24*-2 prime?
True
Let y be 4/(1 + -9)*-4 - 381. Let h = 29 + y. Let n = 507 + h. Is n prime?
True
Suppose 0 = -3*r - 5*t + 2 - 31, 5*t + 32 = -4*r. Is 1/r + -4 + (-162904)/(-21) composite?
False
Let k be 28 + (8 - (-7 - -19)). Suppose -22*c - 17774 = -k*c. Is c a prime number?
True
Suppose -3*z = -29 + 20. Let d(v) = 62*v**3 + 2*v**2 - 13*v + 4. Is d(z) prime?
True
Let t be ((-24)/32)/((-6)/8). Is (-5 - (t + 2 - 4)) + 1473 composite?
True
Let h(a) = -14*a - 108. Let m be h(-7). Let z(f) = -139*f + 81. Is z(m) a composite number?
False
Let w(y) = -y - 10. Suppose -3*b - 4*n - 2 = 0, -2*b - n = -2*n + 16. Let u be w(b). Is (65 - -4) + (-4 - u) a prime number?
False
Let z = 61 - 58. Let q be 10/(-15) + 1 + 44/z. Is 226 - 5/(q/9) prime?
True
Let f(t) = -t**3 - 28*t**2 - 28*t - 22. Let l be f(-27). Suppose 0 = -2*z + n + 6682, n + 16703 = l*z - 2*n. Is z a prime number?
True
Let o(g) = g**3 + g + 1. Let z(q) = 4*q**3 + 22*q**2 - 7*q - 19. Let j(p) = 3*o(p) - z(p). Let y be j(-26). Suppose -3*b + y = 3*b. Is b a prime number?
False
Let n(v) = -v**3 - 11*v**2 - 4*v - 10. Let w be n(-11). Suppose w = 3*p - 5*q, 0 = 5*p - 5*q + q - 35. Is (p - (2 + 3)) + 669 composite?
True
Let o = -553 - -546. Is (o + 14)/(2 - (-11610)/(-5806)) composite?
True
Suppose -6*b + 18341 + 44532 + 16081 = 0. Is b prime?
True
Suppose r - 8513 = -2*f, -9*f - 8533 = -11*f + 3*r. Is f a composite number?
False
Let o(f) = f**3 - 16*f**2 - 2*f - 19. Let v be o(16). Let r be v/136 - (-2773)/(-8). Is r/(-15) + 40/(-300) composite?
False
Let o(a) = -a**2 + 6. Let m be o(0). Suppose -5 - 1 = -m*w. Is (-4 - -1412) + w - 0 a prime number?
True
Is (39 - 12 - -6)*10462/6 a prime number?
False
Suppose 120980 = -3*d - 4*j + 400287, d = 3*j + 93085. Is d composite?
False
Let n(r) = r**3 - 15*r**2 - 124*r + 191. Is n(81) a composite number?
False
Suppose 0 = s - 2, 2*x + 6 = 4*x - 2*s. Suppose x*y - 4*y + 5*d - 1327 = 0, -2*d = 4. Is y prime?
False
Suppose -3*t = -s + 17, 4*t - 7*t = 2*s + 11. Is (-196516)/(-24) + s/(-12) + -3 composite?
True
Let x = 471097 + 58710. Is x prime?
True
Suppose 137*h + 2*f - 716685 = 134*h, 5*f = 4*h - 955534. Is h a prime number?
False
Let h be (-3 + 2)/((-2)/14). Suppose -h*g + 42 = -g. Is (0 + 15/6)*(g - -135) prime?
False
Let i(c) = 5*c**3 - 9*c**2 - 10*c + 98. Let j be i(10). Let y(x) = -2*x - 3. Let t be y(-4). Suppose -t*p + j = p. Is p composite?
False
Let f = 168436 - 105159. Is f a composite number?
False
Suppose -4*p + 5*o = 5, -4*p - 6*o = -5*o - 25. Suppose -p*v - 286 = -1581. Is v prime?
False
Let l(y) = y**3 + 3*y**2 - 6*y - 2. Let g be l(-4). Let v(q) = -36253*q + 18123*q + 11 + 15*q**2 + 18125*q. Is v(g) a composite number?
False
Suppose -y + 2*n - 1 = -3*n, 2*y - 7 = n. Suppose d = -2*d - y*k - 6, -d + 4*k - 2 = 0. Is d/(-7) + (-24706)/(-14) a prime number?
False
Suppose -4*i = -p - 88, i = 3*i + p - 38. Suppose -i*k - 12 = -27*k. Suppose -k*b - 730 = -2*d - 6*b, -2*d + 750 = -b. Is d composite?
False
Let b be ((-20)/6)/(-3*(-16)/(-72)). Let q(m) be the third derivative of 551*m**4/24 + 43*m**3/6 - 84*m**2. Is q(b) composite?
True
Let c be 2 + 2/(-4)*(-8 + 2). Suppose -5*i + 6849 = 2*m, c*i + 4*m - 2235 = 4618. Is i prime?
False
Let a(j) be the first derivative of -7*j**4 + 10*j**3/3 + 4*j**2 + 13*j - 17. Is a(-6) composite?
False
Let r(w) = -171*w**3 + 13*w**2 - 65*w - 235. Is r(-14) a composite number?
True
Let s(o) = -48*o**2 + 3*o - 1. Let x be s(-3). Let z = 266 - x. Let i = -125 + z. Is i prime?
False
Let m(x) = -12060*x - 14. Let r(h) = 24121*h + 26. Let y(c) = -5*m(c) - 2*r(c). Let i be y(6). Is -2 + (i/28)/((-6)/(-4)) a composite number?
False
Suppose 5*y = w + 30, 6*y + 5*w - 32 = 5*y. Let p be 0/(y + -8 - (-2 - 1)). Suppose 0 = -p*j - 2*j + 1222. Is j a composite number?
True
Let y(z) = -z**3 + 5*z**2 + 3*z - 15. Let q be y(5). Suppose 3*w + 208 - 3067 = q. Is w a prime number?
True
Let y = -17492 - -37405. Is y a prime number?
True
Is 3 + 16/(-6) + (-7016680)/(-222) composite?
False
Su